{"id":12309,"date":"2023-09-28T10:21:37","date_gmt":"2023-09-28T08:21:37","guid":{"rendered":"https:\/property\/las-marinas-les-marines-2\/"},"modified":"2023-12-12T12:02:02","modified_gmt":"2023-12-12T11:02:02","slug":"las-marinas-les-marines-2","status":"publish","type":"property","link":"https:\/\/vacationvillas.es\/de\/property\/las-marinas-les-marines-2\/","title":{"rendered":"Las Marinas \/ Les Marines"},"content":{"rendered":"<p>Eine atemberaubende Finca, in einer landschaftlich gestalteten Anlage mit einem sch\u00f6nen herzf\u00f6rmigen Pool, nur 5 Autominuten vom Strand entfernt.<\/p>\n<p>Eine Treppe f\u00fchrt vom Garten auf die schattige Terrasse mit Tisch und St\u00fchlen f\u00fcr Mahlzeiten im Freien. Von hier aus haben Sie Blick auf den Garten und den Pool. Die K\u00fcche ist modernisiert und erweitert worden. Das Wohnzimmer hat einen offenen Eck-Holzofen. Von hier aus gelangt man in ein ger\u00e4umiges Esszimmer mit Blick auf den Garten. Drei Doppelschlafzimmer. Das Hauptschlafzimmer hat ein eigenes Duschbad. Es gibt eine separate Dusche und eine separate Toilette.<\/p>\n<p>Im Obergeschoss des Haupthauses befindet sich ein separates Studio. Dieses Zimmer hat ein Duschbad und eine Klimaanlage. Fabelhafte Aussichten.<\/p>\n<p>Auf dem Gel\u00e4nde befindet sich eine separate Casita. Dieses Geb\u00e4ude (140 Jahre alt) verf\u00fcgt \u00fcber 2 Schlafzimmer und ein separates Bad. Es gibt eine offene K\u00fcche, hohe Decken mit Balken, einen Hauswirtschaftsraum und eine Klimaanlage. Hier gibt es eine sch\u00f6ne Terrasse mit Markise und einen kleinen Obstgarten mit Orangen-, Zitronen- und Pflaumenb\u00e4umen sowie Weinreben. Zur Casita geh\u00f6rt auch ein kleiner Innenhof mit einer Wendeltreppe, die zur Sonnenterrasse f\u00fchrt. Von hier aus hat man einen spektakul\u00e4ren Blick auf die Berge und die Orangenhaine.<\/p>\n<p>Um die Finca zu erreichen, gibt es einen Weg, der von 4 Eigent\u00fcmern geteilt wird. Fahren Sie von hier aus hinein, und es gibt einen Parkplatz f\u00fcr 3\/4 Autos. Der Weg vom Haus kann direkt zum Strand von Las Marinas f\u00fchren und dauert nur 5 Minuten mit dem Auto. Es ist auch m\u00f6glich, in etwa 20 Minuten zu Fu\u00df dorthin zu gelangen.<\/p>\n<p>Die Eingangstreppe f\u00fchrt zum Haupteingang, das Studio und die Casita sind klimatisiert. Es gibt eine Gaszentralheizung im ganzen Haus. Das Haus hat einen Brunnen, also kostenloses Wasser. Dieser Brunnen speist das Haus, den Pool und den Garten.<\/p>\n<p>Der herrliche herzf\u00f6rmige Pool ist riesig und liegt in einem sch\u00f6nen Garten.  <\/p>\n<p>Diese Finca ist ein ideales Familienhaus mit G\u00e4steunterkunft. Es ist auch ein erfolgreiches Vermietungsobjekt, das 12 Personen Platz bietet und den ganzen Sommer \u00fcber leicht vermietet werden kann.<\/p>\n<p>Ruhig, auf dem Lande gelegen und in unmittelbarer N\u00e4he von Denia, den Str\u00e4nden und allen Versorgungseinrichtungen.<\/p>\n<p>Exklusiver Verkauf.<\/p>\n","protected":false},"excerpt":{"rendered":"<p>Eine atemberaubende Finca, in einer landschaftlich gestalteten Anlage mit einem sch\u00f6nen herzf\u00f6rmigen Pool, nur 5 Autominuten vom Strand entfernt.<\/p>\n<p>Eine Treppe f\u00fchrt vom Garten auf die schattige Terrasse mit Tisch und St\u00fchlen f\u00fcr Mahlzeiten im Freien. Von hier aus haben Sie Blick auf den Garten und den Pool. Die K\u00fcche ist modernisiert und erweitert worden. Das Wohnzimmer hat einen offenen Eck-Holzofen. Von hier aus gelangt man in ein ger\u00e4umiges Esszimmer mit Blick auf den Garten. Drei Doppelschlafzimmer. Das Hauptschlafzimmer hat ein eigenes Duschbad. Es gibt eine separate Dusche und eine separate Toilette.<\/p>\n<p>Im Obergeschoss des Haupthauses befindet sich ein separates Studio. Dieses Zimmer hat ein Duschbad und eine Klimaanlage. Fabelhafte Aussichten.<\/p>\n<p>Auf dem Gel\u00e4nde befindet sich eine separate Casita. Dieses Geb\u00e4ude (140 Jahre alt) verf\u00fcgt \u00fcber 2 Schlafzimmer und ein separates Bad. Es gibt eine offene K\u00fcche, hohe Decken mit Balken, einen Hauswirtschaftsraum und eine Klimaanlage. Hier gibt es eine sch\u00f6ne Terrasse mit Markise und einen kleinen Obstgarten mit Orangen-, Zitronen- und Pflaumenb\u00e4umen sowie Weinreben. Zur Casita geh\u00f6rt auch ein kleiner Innenhof mit einer Wendeltreppe, die zur Sonnenterrasse f\u00fchrt. Von hier aus hat man einen spektakul\u00e4ren Blick auf die Berge und die Orangenhaine.<\/p>\n<p>Um die Finca zu erreichen, gibt es einen Weg, der von 4 Eigent\u00fcmern geteilt wird. Fahren Sie von hier aus hinein, und es gibt einen Parkplatz f\u00fcr 3\/4 Autos. Der Weg vom Haus kann direkt zum Strand von Las Marinas f\u00fchren und dauert nur 5 Minuten mit dem Auto. Es ist auch m\u00f6glich, in etwa 20 Minuten zu Fu\u00df dorthin zu gelangen.<\/p>\n<p>Die Eingangstreppe f\u00fchrt zum Haupteingang, das Studio und die Casita sind klimatisiert. Es gibt eine Gaszentralheizung im ganzen Haus. Das Haus hat einen Brunnen, also kostenloses Wasser. Dieser Brunnen speist das Haus, den Pool und den Garten.<\/p>\n<p>Der herrliche herzf\u00f6rmige Pool ist riesig und liegt in einem sch\u00f6nen Garten.  <\/p>\n<p>Diese Finca ist ein ideales Familienhaus mit G\u00e4steunterkunft. Es ist auch ein erfolgreiches Vermietungsobjekt, das 12 Personen Platz bietet und den ganzen Sommer \u00fcber leicht vermietet werden kann.<\/p>\n<p>Ruhig, auf dem Lande gelegen und in unmittelbarer N\u00e4he von Denia, den Str\u00e4nden und allen Versorgungseinrichtungen.<\/p>\n<p>Exklusiver Verkauf.<\/p>\n","protected":false},"author":1,"featured_media":10486,"parent":0,"menu_order":0,"template":"","property_type":[],"property_status":[],"property_feature":[310,314,307,317,316,315,242,232,331,308],"property_label":[],"property_country":[],"property_state":[138],"property_city":[126],"property_area":[],"class_list":["post-12309","property","type-property","status-publish","has-post-thumbnail","hentry","property_feature-garten","property_feature-gelandetyp-privatgrundstuck","property_feature-heizung-gas-zentralheizung","property_feature-in-der-nahe-des-golfplatzes","property_feature-in-der-nahe-des-stadtzentrums","property_feature-in-strandnahe","property_feature-klimatisierung-klimatisierung","property_feature-offene-terrasse","property_feature-parkplatz","property_feature-uberdachte-terrasse","property_state-alicante-de","property_city-denia-de"],"property_meta":{"_alp_processed":["1702378923"],"fave_featured":["0"],"houzez_featured_listing_date":[""],"fave_property_images":["10486","10491","10496","10501","10506","10511","10516","10521","10526","10531","10536","10541","10546","10551","10556","10561","10566","10571","10576","10581","10586","10591","10596","10601","10606","10611","10616","10621","10626"],"fave_single_top_area":["global"],"fave_single_content_area":["global"],"houzez_geolocation_lat":["38.8542299352499"],"houzez_geolocation_long":["0.051004149789037"],"_last_translation_edit_mode":["translation-editor"],"houzez_total_property_views":["104"],"houzez_views_by_date":["a:61:{s:10:\"06-13-2024\";i:1;s:10:\"06-19-2024\";i:3;s:10:\"06-23-2024\";i:2;s:10:\"06-28-2024\";i:1;s:10:\"07-03-2024\";i:1;s:10:\"07-04-2024\";i:1;s:10:\"07-05-2024\";i:2;s:10:\"07-16-2024\";i:1;s:10:\"07-20-2024\";i:2;s:10:\"07-22-2024\";i:1;s:10:\"07-25-2024\";i:1;s:10:\"07-28-2024\";i:1;s:10:\"08-05-2024\";i:2;s:10:\"08-12-2024\";i:1;s:10:\"08-13-2024\";i:1;s:10:\"08-17-2024\";i:1;s:10:\"08-20-2024\";i:2;s:10:\"08-23-2024\";i:1;s:10:\"08-24-2024\";i:1;s:10:\"09-04-2024\";i:1;s:10:\"09-17-2024\";i:1;s:10:\"09-26-2024\";i:1;s:10:\"10-02-2024\";i:2;s:10:\"10-07-2024\";i:1;s:10:\"10-08-2024\";i:1;s:10:\"10-12-2024\";i:1;s:10:\"10-14-2024\";i:2;s:10:\"11-05-2024\";i:1;s:10:\"11-09-2024\";i:1;s:10:\"11-11-2024\";i:1;s:10:\"12-06-2024\";i:1;s:10:\"12-07-2024\";i:1;s:10:\"12-15-2024\";i:1;s:10:\"12-27-2024\";i:1;s:10:\"12-28-2024\";i:1;s:10:\"01-01-2025\";i:1;s:10:\"01-15-2025\";i:1;s:10:\"01-16-2025\";i:1;s:10:\"01-27-2025\";i:1;s:10:\"02-01-2025\";i:1;s:10:\"02-05-2025\";i:1;s:10:\"02-08-2025\";i:1;s:10:\"02-12-2025\";i:1;s:10:\"02-26-2025\";i:1;s:10:\"03-08-2025\";i:1;s:10:\"03-12-2025\";i:1;s:10:\"03-14-2025\";i:1;s:10:\"03-18-2025\";i:1;s:10:\"03-20-2025\";i:1;s:10:\"03-21-2025\";i:1;s:10:\"01-01-2026\";i:1;s:10:\"01-23-2026\";i:1;s:10:\"02-08-2026\";i:1;s:10:\"02-16-2026\";i:1;s:10:\"03-09-2026\";i:1;s:10:\"03-21-2026\";i:1;s:10:\"04-03-2026\";i:1;s:10:\"04-12-2026\";i:1;s:10:\"04-13-2026\";i:1;s:10:\"04-24-2026\";i:1;s:10:\"04-29-2026\";i:1;}"],"houzez_recently_viewed":["2026-04-30 00:53:45"],"fave_property_price":["795000"],"fave_property_bedrooms":["9"],"fave_property_bathrooms":["6"],"fave_property_id":["232"],"fave_property_map":["1"],"fave_property_map_address":["Denia, Alicante"],"fave_property_location":["38.8542299352499,0.051004149789037,14"],"fave_agent_display_option":["agentur_info"],"fave_property_agency":["8175"],"fave_prop_homeslider":["keine"],"_thumbnail_id":["10486"]},"_links":{"self":[{"href":"https:\/\/vacationvillas.es\/de\/wp-json\/wp\/v2\/properties\/12309","targetHints":{"allow":["GET"]}}],"collection":[{"href":"https:\/\/vacationvillas.es\/de\/wp-json\/wp\/v2\/properties"}],"about":[{"href":"https:\/\/vacationvillas.es\/de\/wp-json\/wp\/v2\/types\/property"}],"author":[{"embeddable":true,"href":"https:\/\/vacationvillas.es\/de\/wp-json\/wp\/v2\/users\/1"}],"version-history":[{"count":2,"href":"https:\/\/vacationvillas.es\/de\/wp-json\/wp\/v2\/properties\/12309\/revisions"}],"predecessor-version":[{"id":13023,"href":"https:\/\/vacationvillas.es\/de\/wp-json\/wp\/v2\/properties\/12309\/revisions\/13023"}],"wp:featuredmedia":[{"embeddable":true,"href":"https:\/\/vacationvillas.es\/de\/wp-json\/wp\/v2\/media\/10486"}],"wp:attachment":[{"href":"https:\/\/vacationvillas.es\/de\/wp-json\/wp\/v2\/media?parent=12309"}],"wp:term":[{"taxonomy":"property_type","embeddable":true,"href":"https:\/\/vacationvillas.es\/de\/wp-json\/wp\/v2\/property_type?post=12309"},{"taxonomy":"property_status","embeddable":true,"href":"https:\/\/vacationvillas.es\/de\/wp-json\/wp\/v2\/property_status?post=12309"},{"taxonomy":"property_feature","embeddable":true,"href":"https:\/\/vacationvillas.es\/de\/wp-json\/wp\/v2\/property_feature?post=12309"},{"taxonomy":"property_label","embeddable":true,"href":"https:\/\/vacationvillas.es\/de\/wp-json\/wp\/v2\/property_label?post=12309"},{"taxonomy":"property_country","embeddable":true,"href":"https:\/\/vacationvillas.es\/de\/wp-json\/wp\/v2\/property_country?post=12309"},{"taxonomy":"property_state","embeddable":true,"href":"https:\/\/vacationvillas.es\/de\/wp-json\/wp\/v2\/property_state?post=12309"},{"taxonomy":"property_city","embeddable":true,"href":"https:\/\/vacationvillas.es\/de\/wp-json\/wp\/v2\/property_city?post=12309"},{"taxonomy":"property_area","embeddable":true,"href":"https:\/\/vacationvillas.es\/de\/wp-json\/wp\/v2\/property_area?post=12309"}],"curies":[{"name":"wp","href":"https:\/\/api.w.org\/{rel}","templated":true}]}}

<p>Eine atemberaubende Finca, in einer landschaftlich gestalteten Anlage mit einem schönen herzförmigen Pool, nur 5 Autominuten vom Strand entfernt.</p>
<p>Eine Treppe führt vom Garten auf die schattige Terrasse mit Tisch und Stühlen für Mahlzeiten im Freien. Von hier aus haben Sie Blick auf den Garten und den Pool. Die Küche ist modernisiert und erweitert worden. Das Wohnzimmer hat einen offenen Eck-Holzofen. Von hier aus gelangt man in ein geräumiges Esszimmer mit Blick auf den Garten. Drei Doppelschlafzimmer. Das Hauptschlafzimmer hat ein eigenes Duschbad. Es gibt eine separate Dusche und eine separate Toilette.</p>
<p>Im Obergeschoss des Haupthauses befindet sich ein separates Studio. Dieses Zimmer hat ein Duschbad und eine Klimaanlage. Fabelhafte Aussichten.</p>
<p>Auf dem Gelände befindet sich eine separate Casita. Dieses Gebäude (140 Jahre alt) verfügt über 2 Schlafzimmer und ein separates Bad. Es gibt eine offene Küche, hohe Decken mit Balken, einen Hauswirtschaftsraum und eine Klimaanlage. Hier gibt es eine schöne Terrasse mit Markise und einen kleinen Obstgarten mit Orangen-, Zitronen- und Pflaumenbäumen sowie Weinreben. Zur Casita gehört auch ein kleiner Innenhof mit einer Wendeltreppe, die zur Sonnenterrasse führt. Von hier aus hat man einen spektakulären Blick auf die Berge und die Orangenhaine.</p>
<p>Um die Finca zu erreichen, gibt es einen Weg, der von 4 Eigentümern geteilt wird. Fahren Sie von hier aus hinein, und es gibt einen Parkplatz für 3/4 Autos. Der Weg vom Haus kann direkt zum Strand von Las Marinas führen und dauert nur 5 Minuten mit dem Auto. Es ist auch möglich, in etwa 20 Minuten zu Fuß dorthin zu gelangen.</p>
<p>Die Eingangstreppe führt zum Haupteingang, das Studio und die Casita sind klimatisiert. Es gibt eine Gaszentralheizung im ganzen Haus. Das Haus hat einen Brunnen, also kostenloses Wasser. Dieser Brunnen speist das Haus, den Pool und den Garten.</p>
<p>Der herrliche herzförmige Pool ist riesig und liegt in einem schönen Garten.  </p>
<p>Diese Finca ist ein ideales Familienhaus mit Gästeunterkunft. Es ist auch ein erfolgreiches Vermietungsobjekt, das 12 Personen Platz bietet und den ganzen Sommer über leicht vermietet werden kann.</p>
<p>Ruhig, auf dem Lande gelegen und in unmittelbarer Nähe von Denia, den Stränden und allen Versorgungseinrichtungen.</p>
<p>Exklusiver Verkauf.</p>
