{"id":12296,"date":"2023-09-28T10:21:37","date_gmt":"2023-09-28T08:21:37","guid":{"rendered":"https:\/property\/las-marinas-les-marines-2\/"},"modified":"2023-12-12T12:02:02","modified_gmt":"2023-12-12T11:02:02","slug":"las-marinas-les-marines-2","status":"publish","type":"property","link":"https:\/\/vacationvillas.es\/es\/property\/las-marinas-les-marines-2\/","title":{"rendered":"Las Marinas \/ Les Marines"},"content":{"rendered":"<p>Una finca impresionante, situado en un terreno ajardinado con una hermosa piscina en forma de coraz\u00f3n, a s\u00f3lo 5 minutos en coche de la playa.<\/p>\n<p>Desde el jard\u00edn se sube a una terraza sombreada con mesa y sillas para comer al aire libre. Desde aqu\u00ed hay vistas al jard\u00edn y a la piscina. La cocina se ha modernizado y ampliado. El sal\u00f3n tiene una estufa de le\u00f1a abierta. Desde aqu\u00ed se accede a un amplio comedor con vistas al jard\u00edn. Tres dormitorios dobles. El dormitorio principal tiene un cuarto de ba\u00f1o con ducha. Hay una ducha y un aseo independientes.<\/p>\n<p>Arriba de la casa principal hay un estudio independiente. Esta habitaci\u00f3n tiene cuarto de ducha y aire acondicionado. Fabulosas vistas.<\/p>\n<p>En el terreno hay una casita independiente. Este edificio (140 a\u00f1os de antig\u00fcedad) tiene 2 dormitorios y un cuarto de ba\u00f1o independiente. Hay una cocina abierta, techos altos con vigas, un lavadero y aire acondicionado. Aqu\u00ed hay una bonita terraza con toldo y un mini huerto con naranjos, limoneros, ciruelos y vides. Adem\u00e1s, junto a la casita hay un peque\u00f1o patio con escaleras de caracol que conducen a la terraza soleada. Las vistas desde aqu\u00ed a las monta\u00f1as y a trav\u00e9s de los naranjales son espectaculares.<\/p>\n<p>Para llegar a la finca hay un camino compartido por 4 propietarios. Conduzca desde aqu\u00ed y hay aparcamiento para 3\/4 coches. El camino desde la casa puede llevar directamente a la playa de Las Marinas y se tarda s\u00f3lo 5 minutos en coche. Tambi\u00e9n se puede llegar andando en unos 20 minutos.<\/p>\n<p>Los escalones delanteros conducen a la puerta principal, el estudio y la casita tienen aire acondicionado. Hay calefacci\u00f3n central de gas en todo el edificio. La casa tiene un pozo, por lo tanto agua gratis. Este pozo alimenta la casa, la piscina y el jard\u00edn.<\/p>\n<p>La preciosa piscina en forma de coraz\u00f3n es enorme y est\u00e1 rodeada de preciosos jardines.  <\/p>\n<p>Esta finca es una casa familiar ideal con alojamiento para invitados. Tambi\u00e9n es una exitosa propiedad de alquiler, con capacidad para 12 personas y se alquila f\u00e1cilmente durante todo el verano.<\/p>\n<p>Tranquilo y silencioso, situado en el campo y a poca distancia de Denia, playas y todos los servicios p\u00fablicos.<\/p>\n<p>Venta exclusiva.<\/p>\n","protected":false},"excerpt":{"rendered":"<p>Una finca impresionante, situado en un terreno ajardinado con una hermosa piscina en forma de coraz\u00f3n, a s\u00f3lo 5 minutos en coche de la playa.<\/p>\n<p>Desde el jard\u00edn se sube a una terraza sombreada con mesa y sillas para comer al aire libre. Desde aqu\u00ed hay vistas al jard\u00edn y a la piscina. La cocina se ha modernizado y ampliado. El sal\u00f3n tiene una estufa de le\u00f1a abierta. Desde aqu\u00ed se accede a un amplio comedor con vistas al jard\u00edn. Tres dormitorios dobles. El dormitorio principal tiene un cuarto de ba\u00f1o con ducha. Hay una ducha y un aseo independientes.<\/p>\n<p>Arriba de la casa principal hay un estudio independiente. Esta habitaci\u00f3n tiene cuarto de ducha y aire acondicionado. Fabulosas vistas.<\/p>\n<p>En el terreno hay una casita independiente. Este edificio (140 a\u00f1os de antig\u00fcedad) tiene 2 dormitorios y un cuarto de ba\u00f1o independiente. Hay una cocina abierta, techos altos con vigas, un lavadero y aire acondicionado. Aqu\u00ed hay una bonita terraza con toldo y un mini huerto con naranjos, limoneros, ciruelos y vides. Adem\u00e1s, junto a la casita hay un peque\u00f1o patio con escaleras de caracol que conducen a la terraza soleada. Las vistas desde aqu\u00ed a las monta\u00f1as y a trav\u00e9s de los naranjales son espectaculares.<\/p>\n<p>Para llegar a la finca hay un camino compartido por 4 propietarios. Conduzca desde aqu\u00ed y hay aparcamiento para 3\/4 coches. El camino desde la casa puede llevar directamente a la playa de Las Marinas y se tarda s\u00f3lo 5 minutos en coche. Tambi\u00e9n se puede llegar andando en unos 20 minutos.<\/p>\n<p>Los escalones delanteros conducen a la puerta principal, el estudio y la casita tienen aire acondicionado. Hay calefacci\u00f3n central de gas en todo el edificio. La casa tiene un pozo, por lo tanto agua gratis. Este pozo alimenta la casa, la piscina y el jard\u00edn.<\/p>\n<p>La preciosa piscina en forma de coraz\u00f3n es enorme y est\u00e1 rodeada de preciosos jardines.  <\/p>\n<p>Esta finca es una casa familiar ideal con alojamiento para invitados. Tambi\u00e9n es una exitosa propiedad de alquiler, con capacidad para 12 personas y se alquila f\u00e1cilmente durante todo el verano.<\/p>\n<p>Tranquilo y silencioso, situado en el campo y a poca distancia de Denia, playas y todos los servicios p\u00fablicos.<\/p>\n<p>Venta exclusiva.<\/p>\n","protected":false},"author":1,"featured_media":10486,"parent":0,"menu_order":0,"template":"","property_type":[],"property_status":[],"property_feature":[249,323,318,286,289,288,320,234,319,309],"property_label":[],"property_country":[],"property_state":[157],"property_city":[143],"property_area":[],"class_list":["post-12296","property","type-property","status-publish","has-post-thumbnail","hentry","property_feature-aire-acondicionado-aire-acondicionado","property_feature-aparcamiento","property_feature-calefaccion-calefaccion-central-de-gas","property_feature-cerca-de-la-playa","property_feature-cerca-del-campo-de-golf","property_feature-cerca-del-centro-de-la-ciudad","property_feature-jardin-es","property_feature-terraza-abierta","property_feature-terraza-cubierta","property_feature-tipo-de-terreno-parcela-privada","property_state-alicante-es","property_city-denia-es"],"property_meta":{"_alp_processed":["1702378923"],"fave_featured":["0"],"houzez_featured_listing_date":[""],"fave_property_images":["10486","10491","10496","10501","10506","10511","10516","10521","10526","10531","10536","10541","10546","10551","10556","10561","10566","10571","10576","10581","10586","10591","10596","10601","10606","10611","10616","10621","10626"],"fave_single_top_area":["global"],"fave_single_content_area":["global"],"houzez_geolocation_lat":["38.8542299352499"],"houzez_geolocation_long":["0.051004149789037"],"_last_translation_edit_mode":["translation-editor"],"houzez_total_property_views":["105"],"houzez_views_by_date":["a:61:{s:10:\"06-12-2024\";i:1;s:10:\"06-13-2024\";i:1;s:10:\"06-17-2024\";i:1;s:10:\"06-25-2024\";i:1;s:10:\"07-02-2024\";i:1;s:10:\"07-09-2024\";i:1;s:10:\"07-18-2024\";i:1;s:10:\"07-22-2024\";i:2;s:10:\"07-25-2024\";i:1;s:10:\"07-27-2024\";i:1;s:10:\"08-03-2024\";i:1;s:10:\"08-05-2024\";i:1;s:10:\"08-13-2024\";i:1;s:10:\"08-19-2024\";i:1;s:10:\"08-24-2024\";i:1;s:10:\"08-31-2024\";i:1;s:10:\"09-04-2024\";i:1;s:10:\"09-14-2024\";i:1;s:10:\"09-26-2024\";i:1;s:10:\"09-27-2024\";i:1;s:10:\"10-02-2024\";i:2;s:10:\"10-07-2024\";i:1;s:10:\"10-08-2024\";i:1;s:10:\"10-12-2024\";i:2;s:10:\"10-14-2024\";i:1;s:10:\"10-20-2024\";i:1;s:10:\"10-25-2024\";i:1;s:10:\"11-04-2024\";i:1;s:10:\"11-05-2024\";i:1;s:10:\"11-11-2024\";i:1;s:10:\"11-22-2024\";i:1;s:10:\"12-04-2024\";i:1;s:10:\"12-10-2024\";i:1;s:10:\"12-17-2024\";i:1;s:10:\"12-21-2024\";i:1;s:10:\"12-31-2024\";i:1;s:10:\"01-11-2025\";i:1;s:10:\"01-15-2025\";i:1;s:10:\"01-27-2025\";i:1;s:10:\"02-01-2025\";i:1;s:10:\"02-03-2025\";i:1;s:10:\"02-08-2025\";i:1;s:10:\"02-12-2025\";i:1;s:10:\"02-21-2025\";i:1;s:10:\"03-03-2025\";i:1;s:10:\"03-13-2025\";i:1;s:10:\"03-14-2025\";i:2;s:10:\"12-29-2025\";i:1;s:10:\"01-11-2026\";i:1;s:10:\"01-23-2026\";i:1;s:10:\"02-02-2026\";i:1;s:10:\"02-07-2026\";i:1;s:10:\"02-15-2026\";i:1;s:10:\"02-23-2026\";i:1;s:10:\"03-02-2026\";i:1;s:10:\"03-09-2026\";i:1;s:10:\"03-29-2026\";i:1;s:10:\"04-03-2026\";i:1;s:10:\"04-20-2026\";i:1;s:10:\"04-24-2026\";i:1;s:10:\"04-29-2026\";i:1;}"],"houzez_recently_viewed":["2026-04-29 23:44:46"],"fave_property_price":["795000"],"fave_property_bedrooms":["9"],"fave_property_bathrooms":["6"],"fave_property_id":["232"],"fave_property_map":["1"],"fave_property_map_address":["Denia, Alicante"],"fave_property_location":["38.8542299352499,0.051004149789037,14"],"fave_agent_display_option":["informaci\u00f3n_agencia"],"fave_property_agency":["8175"],"fave_prop_homeslider":["no"],"_thumbnail_id":["10486"]},"_links":{"self":[{"href":"https:\/\/vacationvillas.es\/es\/wp-json\/wp\/v2\/properties\/12296","targetHints":{"allow":["GET"]}}],"collection":[{"href":"https:\/\/vacationvillas.es\/es\/wp-json\/wp\/v2\/properties"}],"about":[{"href":"https:\/\/vacationvillas.es\/es\/wp-json\/wp\/v2\/types\/property"}],"author":[{"embeddable":true,"href":"https:\/\/vacationvillas.es\/es\/wp-json\/wp\/v2\/users\/1"}],"version-history":[{"count":2,"href":"https:\/\/vacationvillas.es\/es\/wp-json\/wp\/v2\/properties\/12296\/revisions"}],"predecessor-version":[{"id":13022,"href":"https:\/\/vacationvillas.es\/es\/wp-json\/wp\/v2\/properties\/12296\/revisions\/13022"}],"wp:featuredmedia":[{"embeddable":true,"href":"https:\/\/vacationvillas.es\/es\/wp-json\/wp\/v2\/media\/10486"}],"wp:attachment":[{"href":"https:\/\/vacationvillas.es\/es\/wp-json\/wp\/v2\/media?parent=12296"}],"wp:term":[{"taxonomy":"property_type","embeddable":true,"href":"https:\/\/vacationvillas.es\/es\/wp-json\/wp\/v2\/property_type?post=12296"},{"taxonomy":"property_status","embeddable":true,"href":"https:\/\/vacationvillas.es\/es\/wp-json\/wp\/v2\/property_status?post=12296"},{"taxonomy":"property_feature","embeddable":true,"href":"https:\/\/vacationvillas.es\/es\/wp-json\/wp\/v2\/property_feature?post=12296"},{"taxonomy":"property_label","embeddable":true,"href":"https:\/\/vacationvillas.es\/es\/wp-json\/wp\/v2\/property_label?post=12296"},{"taxonomy":"property_country","embeddable":true,"href":"https:\/\/vacationvillas.es\/es\/wp-json\/wp\/v2\/property_country?post=12296"},{"taxonomy":"property_state","embeddable":true,"href":"https:\/\/vacationvillas.es\/es\/wp-json\/wp\/v2\/property_state?post=12296"},{"taxonomy":"property_city","embeddable":true,"href":"https:\/\/vacationvillas.es\/es\/wp-json\/wp\/v2\/property_city?post=12296"},{"taxonomy":"property_area","embeddable":true,"href":"https:\/\/vacationvillas.es\/es\/wp-json\/wp\/v2\/property_area?post=12296"}],"curies":[{"name":"wp","href":"https:\/\/api.w.org\/{rel}","templated":true}]}}

<p>Una finca impresionante, situado en un terreno ajardinado con una hermosa piscina en forma de corazón, a sólo 5 minutos en coche de la playa.</p>
<p>Desde el jardín se sube a una terraza sombreada con mesa y sillas para comer al aire libre. Desde aquí hay vistas al jardín y a la piscina. La cocina se ha modernizado y ampliado. El salón tiene una estufa de leña abierta. Desde aquí se accede a un amplio comedor con vistas al jardín. Tres dormitorios dobles. El dormitorio principal tiene un cuarto de baño con ducha. Hay una ducha y un aseo independientes.</p>
<p>Arriba de la casa principal hay un estudio independiente. Esta habitación tiene cuarto de ducha y aire acondicionado. Fabulosas vistas.</p>
<p>En el terreno hay una casita independiente. Este edificio (140 años de antigüedad) tiene 2 dormitorios y un cuarto de baño independiente. Hay una cocina abierta, techos altos con vigas, un lavadero y aire acondicionado. Aquí hay una bonita terraza con toldo y un mini huerto con naranjos, limoneros, ciruelos y vides. Además, junto a la casita hay un pequeño patio con escaleras de caracol que conducen a la terraza soleada. Las vistas desde aquí a las montañas y a través de los naranjales son espectaculares.</p>
<p>Para llegar a la finca hay un camino compartido por 4 propietarios. Conduzca desde aquí y hay aparcamiento para 3/4 coches. El camino desde la casa puede llevar directamente a la playa de Las Marinas y se tarda sólo 5 minutos en coche. También se puede llegar andando en unos 20 minutos.</p>
<p>Los escalones delanteros conducen a la puerta principal, el estudio y la casita tienen aire acondicionado. Hay calefacción central de gas en todo el edificio. La casa tiene un pozo, por lo tanto agua gratis. Este pozo alimenta la casa, la piscina y el jardín.</p>
<p>La preciosa piscina en forma de corazón es enorme y está rodeada de preciosos jardines.  </p>
<p>Esta finca es una casa familiar ideal con alojamiento para invitados. También es una exitosa propiedad de alquiler, con capacidad para 12 personas y se alquila fácilmente durante todo el verano.</p>
<p>Tranquilo y silencioso, situado en el campo y a poca distancia de Denia, playas y todos los servicios públicos.</p>
<p>Venta exclusiva.</p>

información_agencia
