{"id":12337,"date":"2023-09-28T10:23:07","date_gmt":"2023-09-28T08:23:07","guid":{"rendered":"https:\/property\/pego\/"},"modified":"2024-04-12T15:20:39","modified_gmt":"2024-04-12T13:20:39","slug":"pego","status":"publish","type":"property","link":"https:\/\/vacationvillas.es\/fr\/property\/pego\/","title":{"rendered":"Pego"},"content":{"rendered":"<p>Cette maison en duplex magnifiquement con\u00e7ue et d\u00e9cor\u00e9e offre une vue imprenable sur la mer et les montagnes, \u00e0 proximit\u00e9 de Monte Pego.<\/p>\n<p>Situ\u00e9 \u00e0 seulement 20 minutes en voiture des belles plages de Denia et d&#8217;Olivia. La maison est nich\u00e9e au milieu de paisibles orangeraies parfum\u00e9es.<\/p>\n<p>Les stations de golf prim\u00e9es de La Sella et d&#8217;Olivia Nova se trouvent \u00e0 proximit\u00e9. La r\u00e9serve naturelle de Marjal se trouve \u00e0 une courte distance de marche.<\/p>\n<p>La propri\u00e9t\u00e9 se compose de 2 chambres doubles avec placards, d&#8217;une grande salle de bains et d&#8217;un w.c. s\u00e9par\u00e9. Le salon est spacieux avec une salle \u00e0 manger s\u00e9par\u00e9e et donne sur une belle terrasse avec une vue imprenable. Il y a la t\u00e9l\u00e9vision par satellite et le Wi Fi.<\/p>\n<p>La propri\u00e9t\u00e9 b\u00e9n\u00e9ficie d&#8217;un jardin priv\u00e9, id\u00e9al pour prendre un bain de soleil ! Il y a une grande piscine commune et un parking hors rue.<\/p>\n<p>Les produits blancs sont inclus dans le prix, tous les \u00e9quipements sont neufs.<\/p>\n<p>la propri\u00e9t\u00e9 est habit\u00e9e et bien entretenue, une douche \u00e0 l&#8217;italienne a r\u00e9cemment remplac\u00e9 la baignoire. Il a \u00e9galement \u00e9t\u00e9 repeint \u00e0 l&#8217;int\u00e9rieur et la chaudi\u00e8re est neuve.<\/p>\n<p>De nouvelles photos sont en cours d&#8217;\u00e9laboration.<\/p>\n","protected":false},"excerpt":{"rendered":"<p>Cette maison en duplex magnifiquement con\u00e7ue et d\u00e9cor\u00e9e offre une vue imprenable sur la mer et les montagnes, \u00e0 proximit\u00e9 de Monte Pego.<\/p>\n<p>Situ\u00e9 \u00e0 seulement 20 minutes en voiture des belles plages de Denia et d&#8217;Olivia. La maison est nich\u00e9e au milieu de paisibles orangeraies parfum\u00e9es.<\/p>\n<p>Les stations de golf prim\u00e9es de La Sella et d&#8217;Olivia Nova se trouvent \u00e0 proximit\u00e9. La r\u00e9serve naturelle de Marjal se trouve \u00e0 une courte distance de marche.<\/p>\n<p>La propri\u00e9t\u00e9 se compose de 2 chambres doubles avec placards, d&#8217;une grande salle de bains et d&#8217;un w.c. s\u00e9par\u00e9. Le salon est spacieux avec une salle \u00e0 manger s\u00e9par\u00e9e et donne sur une belle terrasse avec une vue imprenable. Il y a la t\u00e9l\u00e9vision par satellite et le Wi Fi.<\/p>\n<p>La propri\u00e9t\u00e9 b\u00e9n\u00e9ficie d&#8217;un jardin priv\u00e9, id\u00e9al pour prendre un bain de soleil ! Il y a une grande piscine commune et un parking hors rue.<\/p>\n<p>Les produits blancs sont inclus dans le prix, tous les \u00e9quipements sont neufs.<\/p>\n<p>la propri\u00e9t\u00e9 est habit\u00e9e et bien entretenue, une douche \u00e0 l&#8217;italienne a r\u00e9cemment remplac\u00e9 la baignoire. Il a \u00e9galement \u00e9t\u00e9 repeint \u00e0 l&#8217;int\u00e9rieur et la chaudi\u00e8re est neuve.<\/p>\n<p>De nouvelles photos sont en cours d&#8217;\u00e9laboration.<\/p>\n","protected":false},"author":1,"featured_media":10948,"parent":0,"menu_order":0,"template":"","property_type":[],"property_status":[],"property_feature":[306,304,274,275,276,332,240,237],"property_label":[],"property_country":[],"property_state":[151],"property_city":[],"property_area":[],"class_list":["post-12337","property","type-property","status-publish","has-post-thumbnail","hentry","property_feature-internet-fr","property_feature-jardin","property_feature-pres-de-la-plage","property_feature-pres-du-centre-ville","property_feature-pres-du-terrain-de-golf","property_feature-stationnement","property_feature-television-par-satellite","property_feature-terrasse-ouverte","property_state-alicante-fr"],"property_meta":{"_alp_processed":["1712928039"],"fave_featured":["0"],"houzez_featured_listing_date":[""],"fave_property_images":["10948","10953","10958","10963","10968","10973","10978","10983","10988","10993","10998","11003","11008","11013","11018"],"fave_single_top_area":["global"],"fave_single_content_area":["global"],"houzez_geolocation_lat":["38.842334254948675"],"houzez_geolocation_long":["-0.06773926239020511"],"houzez_total_property_views":["114"],"houzez_views_by_date":["a:61:{s:10:\"07-21-2024\";i:4;s:10:\"07-25-2024\";i:1;s:10:\"07-27-2024\";i:2;s:10:\"08-01-2024\";i:1;s:10:\"08-02-2024\";i:1;s:10:\"08-07-2024\";i:1;s:10:\"08-08-2024\";i:1;s:10:\"08-09-2024\";i:1;s:10:\"08-11-2024\";i:1;s:10:\"08-13-2024\";i:1;s:10:\"08-14-2024\";i:1;s:10:\"08-15-2024\";i:2;s:10:\"08-24-2024\";i:1;s:10:\"08-25-2024\";i:1;s:10:\"09-04-2024\";i:1;s:10:\"09-11-2024\";i:1;s:10:\"09-26-2024\";i:1;s:10:\"10-01-2024\";i:1;s:10:\"10-02-2024\";i:1;s:10:\"10-06-2024\";i:1;s:10:\"10-08-2024\";i:1;s:10:\"10-09-2024\";i:1;s:10:\"10-11-2024\";i:1;s:10:\"10-18-2024\";i:4;s:10:\"10-20-2024\";i:1;s:10:\"10-29-2024\";i:1;s:10:\"11-06-2024\";i:1;s:10:\"11-11-2024\";i:1;s:10:\"11-17-2024\";i:1;s:10:\"11-22-2024\";i:1;s:10:\"12-03-2024\";i:1;s:10:\"12-04-2024\";i:1;s:10:\"12-11-2024\";i:1;s:10:\"12-21-2024\";i:1;s:10:\"12-24-2024\";i:1;s:10:\"12-31-2024\";i:1;s:10:\"01-09-2025\";i:1;s:10:\"01-13-2025\";i:1;s:10:\"01-27-2025\";i:1;s:10:\"02-03-2025\";i:1;s:10:\"02-08-2025\";i:1;s:10:\"02-12-2025\";i:1;s:10:\"02-23-2025\";i:1;s:10:\"02-25-2025\";i:1;s:10:\"03-04-2025\";i:1;s:10:\"03-14-2025\";i:2;s:10:\"03-16-2025\";i:1;s:10:\"03-20-2025\";i:1;s:10:\"12-29-2025\";i:1;s:10:\"01-24-2026\";i:1;s:10:\"02-01-2026\";i:1;s:10:\"02-07-2026\";i:1;s:10:\"02-15-2026\";i:1;s:10:\"02-24-2026\";i:1;s:10:\"03-05-2026\";i:1;s:10:\"03-16-2026\";i:1;s:10:\"03-30-2026\";i:1;s:10:\"04-03-2026\";i:1;s:10:\"04-12-2026\";i:1;s:10:\"04-24-2026\";i:1;s:10:\"04-29-2026\";i:1;}"],"houzez_recently_viewed":["2026-04-30 00:47:35"],"_last_translation_edit_mode":["translation-editor"],"_wpml_media_duplicate":["1"],"_wpml_media_featured":["1"],"_thumbnail_id":["10948"],"_top_nav_excluded":[""],"_cms_nav_minihome":[""],"fave_property_price":["130000"],"fave_property_sec_price":["des offres peuvent \u00eatre faites"],"fave_property_size":["90"],"fave_property_size_prefix":["Sq M"],"fave_property_bedrooms":["2"],"fave_property_bathrooms":["2"],"fave_property_id":["208"],"fave_property_map":["1"],"fave_property_map_address":["Pego, Alicante"],"fave_property_location":["38.842334254948675,-0.06773926239020511,14"],"fave_property_map_street_view":["cacher"],"fave_agent_display_option":["agence_info"],"fave_property_agency":["8175"],"fave_prop_homeslider":["pas de"]},"_links":{"self":[{"href":"https:\/\/vacationvillas.es\/fr\/wp-json\/wp\/v2\/properties\/12337","targetHints":{"allow":["GET"]}}],"collection":[{"href":"https:\/\/vacationvillas.es\/fr\/wp-json\/wp\/v2\/properties"}],"about":[{"href":"https:\/\/vacationvillas.es\/fr\/wp-json\/wp\/v2\/types\/property"}],"author":[{"embeddable":true,"href":"https:\/\/vacationvillas.es\/fr\/wp-json\/wp\/v2\/users\/1"}],"version-history":[{"count":1,"href":"https:\/\/vacationvillas.es\/fr\/wp-json\/wp\/v2\/properties\/12337\/revisions"}],"predecessor-version":[{"id":13008,"href":"https:\/\/vacationvillas.es\/fr\/wp-json\/wp\/v2\/properties\/12337\/revisions\/13008"}],"wp:featuredmedia":[{"embeddable":true,"href":"https:\/\/vacationvillas.es\/fr\/wp-json\/wp\/v2\/media\/10948"}],"wp:attachment":[{"href":"https:\/\/vacationvillas.es\/fr\/wp-json\/wp\/v2\/media?parent=12337"}],"wp:term":[{"taxonomy":"property_type","embeddable":true,"href":"https:\/\/vacationvillas.es\/fr\/wp-json\/wp\/v2\/property_type?post=12337"},{"taxonomy":"property_status","embeddable":true,"href":"https:\/\/vacationvillas.es\/fr\/wp-json\/wp\/v2\/property_status?post=12337"},{"taxonomy":"property_feature","embeddable":true,"href":"https:\/\/vacationvillas.es\/fr\/wp-json\/wp\/v2\/property_feature?post=12337"},{"taxonomy":"property_label","embeddable":true,"href":"https:\/\/vacationvillas.es\/fr\/wp-json\/wp\/v2\/property_label?post=12337"},{"taxonomy":"property_country","embeddable":true,"href":"https:\/\/vacationvillas.es\/fr\/wp-json\/wp\/v2\/property_country?post=12337"},{"taxonomy":"property_state","embeddable":true,"href":"https:\/\/vacationvillas.es\/fr\/wp-json\/wp\/v2\/property_state?post=12337"},{"taxonomy":"property_city","embeddable":true,"href":"https:\/\/vacationvillas.es\/fr\/wp-json\/wp\/v2\/property_city?post=12337"},{"taxonomy":"property_area","embeddable":true,"href":"https:\/\/vacationvillas.es\/fr\/wp-json\/wp\/v2\/property_area?post=12337"}],"curies":[{"name":"wp","href":"https:\/\/api.w.org\/{rel}","templated":true}]}}

<p>Cette maison en duplex magnifiquement conçue et décorée offre une vue imprenable sur la mer et les montagnes, à proximité de Monte Pego.</p>
<p>Situé à seulement 20 minutes en voiture des belles plages de Denia et d&#8217;Olivia. La maison est nichée au milieu de paisibles orangeraies parfumées.</p>
<p>Les stations de golf primées de La Sella et d&#8217;Olivia Nova se trouvent à proximité. La réserve naturelle de Marjal se trouve à une courte distance de marche.</p>
<p>La propriété se compose de 2 chambres doubles avec placards, d&#8217;une grande salle de bains et d&#8217;un w.c. séparé. Le salon est spacieux avec une salle à manger séparée et donne sur une belle terrasse avec une vue imprenable. Il y a la télévision par satellite et le Wi Fi.</p>
<p>La propriété bénéficie d&#8217;un jardin privé, idéal pour prendre un bain de soleil ! Il y a une grande piscine commune et un parking hors rue.</p>
<p>Les produits blancs sont inclus dans le prix, tous les équipements sont neufs.</p>
<p>la propriété est habitée et bien entretenue, une douche à l&#8217;italienne a récemment remplacé la baignoire. Il a également été repeint à l&#8217;intérieur et la chaudière est neuve.</p>
<p>De nouvelles photos sont en cours d&#8217;élaboration.</p>

des offres peuvent être faites
