{"id":12339,"date":"2023-09-28T10:23:12","date_gmt":"2023-09-28T08:23:12","guid":{"rendered":"https:\/property\/cumbre-del-sol-3\/"},"modified":"2024-02-08T01:37:56","modified_gmt":"2024-02-08T00:37:56","slug":"cumbre-del-sol-3","status":"publish","type":"property","link":"https:\/\/vacationvillas.es\/fr\/property\/cumbre-del-sol-3\/","title":{"rendered":"Cumbre del Sol"},"content":{"rendered":"<p>Description de la villa<\/p>\n<p>Sur la parcelle 244 du Residencial Jazmines, nous d\u00e9couvrons la Villa Marina, une villa d&#8217;architecture moderne, avec des espaces ouverts, beaucoup de lumi\u00e8re et une vue imprenable sur la mer sont les principales caract\u00e9ristiques qui d\u00e9finissent cette propri\u00e9t\u00e9.<\/p>\n<p>La Villa Marina dispose de 3 chambres avec salle de bains en suite, la chambre principale \u00e9tant un espace priv\u00e9 pour se d\u00e9tendre face \u00e0 la mer, soit dans son jacuzzi, soit sur sa terrasse priv\u00e9e. Le salon m\u00e9rite une mention sp\u00e9ciale, une pi\u00e8ce spacieuse et lumineuse, avec un acc\u00e8s direct \u00e0 la terrasse avec de grandes fen\u00eatres du mur au sol, qui sont enti\u00e8rement collect\u00e9es en prolongeant la salle \u00e0 manger vers la terrasse et en b\u00e9n\u00e9ficiant d&#8217;une vue incroyable sur la mer.<\/p>\n<p>Le confort de cette villa est infini et refl\u00e8te sa qualit\u00e9 et ses \u00e9quipements : ascenseur, garage ferm\u00e9 pour 2 v\u00e9hicules reli\u00e9 int\u00e9rieurement au hall, salon TV, domotique, buanderie, chauffage au sol dans toute la maison, piscine \u00e0 d\u00e9bordement et grands espaces de jardin. Un endroit merveilleux o\u00f9 vivre toute l&#8217;ann\u00e9e, en profitant du climat m\u00e9diterran\u00e9en et des magnifiques vues sur la mer du complexe r\u00e9sidentiel Cumbre del Sol.<\/p>\n","protected":false},"excerpt":{"rendered":"<p>Description de la villa<\/p>\n<p>Sur la parcelle 244 du Residencial Jazmines, nous d\u00e9couvrons la Villa Marina, une villa d&#8217;architecture moderne, avec des espaces ouverts, beaucoup de lumi\u00e8re et une vue imprenable sur la mer sont les principales caract\u00e9ristiques qui d\u00e9finissent cette propri\u00e9t\u00e9.<\/p>\n<p>La Villa Marina dispose de 3 chambres avec salle de bains en suite, la chambre principale \u00e9tant un espace priv\u00e9 pour se d\u00e9tendre face \u00e0 la mer, soit dans son jacuzzi, soit sur sa terrasse priv\u00e9e. Le salon m\u00e9rite une mention sp\u00e9ciale, une pi\u00e8ce spacieuse et lumineuse, avec un acc\u00e8s direct \u00e0 la terrasse avec de grandes fen\u00eatres du mur au sol, qui sont enti\u00e8rement collect\u00e9es en prolongeant la salle \u00e0 manger vers la terrasse et en b\u00e9n\u00e9ficiant d&#8217;une vue incroyable sur la mer.<\/p>\n<p>Le confort de cette villa est infini et refl\u00e8te sa qualit\u00e9 et ses \u00e9quipements : ascenseur, garage ferm\u00e9 pour 2 v\u00e9hicules reli\u00e9 int\u00e9rieurement au hall, salon TV, domotique, buanderie, chauffage au sol dans toute la maison, piscine \u00e0 d\u00e9bordement et grands espaces de jardin. Un endroit merveilleux o\u00f9 vivre toute l&#8217;ann\u00e9e, en profitant du climat m\u00e9diterran\u00e9en et des magnifiques vues sur la mer du complexe r\u00e9sidentiel Cumbre del Sol.<\/p>\n","protected":false},"author":1,"featured_media":11024,"parent":0,"menu_order":0,"template":"","property_type":[177],"property_status":[],"property_feature":[233],"property_label":[],"property_country":[],"property_state":[151],"property_city":[],"property_area":[],"class_list":["post-12339","property","type-property","status-publish","has-post-thumbnail","hentry","property_type-villa-individuelle","property_feature-urbanisation-los-jazmines","property_state-alicante-fr"],"property_meta":{"_alp_processed":["1707352676"],"fave_featured":["0"],"houzez_featured_listing_date":[""],"fave_property_images":["11024","11029","11034","11039","11044","11049","11054","11059","11064","11069","11074","11079"],"fave_single_top_area":["global"],"fave_single_content_area":["global"],"houzez_geolocation_lat":[""],"houzez_geolocation_long":[""],"houzez_total_property_views":["114"],"houzez_views_by_date":["a:61:{s:10:\"07-03-2024\";i:1;s:10:\"07-17-2024\";i:2;s:10:\"07-22-2024\";i:1;s:10:\"07-25-2024\";i:1;s:10:\"07-31-2024\";i:1;s:10:\"08-03-2024\";i:2;s:10:\"08-13-2024\";i:3;s:10:\"08-19-2024\";i:1;s:10:\"08-20-2024\";i:1;s:10:\"08-24-2024\";i:1;s:10:\"09-04-2024\";i:1;s:10:\"09-11-2024\";i:1;s:10:\"09-12-2024\";i:1;s:10:\"09-26-2024\";i:1;s:10:\"10-02-2024\";i:1;s:10:\"10-08-2024\";i:2;s:10:\"10-09-2024\";i:1;s:10:\"10-14-2024\";i:1;s:10:\"10-20-2024\";i:1;s:10:\"10-25-2024\";i:1;s:10:\"11-06-2024\";i:1;s:10:\"11-11-2024\";i:1;s:10:\"11-17-2024\";i:1;s:10:\"11-22-2024\";i:1;s:10:\"11-23-2024\";i:1;s:10:\"11-26-2024\";i:1;s:10:\"12-02-2024\";i:1;s:10:\"12-03-2024\";i:1;s:10:\"12-21-2024\";i:1;s:10:\"12-29-2024\";i:2;s:10:\"12-31-2024\";i:1;s:10:\"01-15-2025\";i:1;s:10:\"01-18-2025\";i:1;s:10:\"01-27-2025\";i:1;s:10:\"02-07-2025\";i:1;s:10:\"02-08-2025\";i:1;s:10:\"02-12-2025\";i:1;s:10:\"02-14-2025\";i:1;s:10:\"02-28-2025\";i:1;s:10:\"03-03-2025\";i:1;s:10:\"03-05-2025\";i:1;s:10:\"03-09-2025\";i:1;s:10:\"03-14-2025\";i:2;s:10:\"03-20-2025\";i:1;s:10:\"01-01-2026\";i:1;s:10:\"01-16-2026\";i:1;s:10:\"01-24-2026\";i:1;s:10:\"02-04-2026\";i:1;s:10:\"02-08-2026\";i:1;s:10:\"02-16-2026\";i:1;s:10:\"02-25-2026\";i:1;s:10:\"03-03-2026\";i:1;s:10:\"03-11-2026\";i:1;s:10:\"03-19-2026\";i:1;s:10:\"03-23-2026\";i:1;s:10:\"03-31-2026\";i:1;s:10:\"04-03-2026\";i:1;s:10:\"04-11-2026\";i:1;s:10:\"04-22-2026\";i:1;s:10:\"04-24-2026\";i:1;s:10:\"04-29-2026\";i:1;}"],"houzez_recently_viewed":["2026-04-30 00:52:27"],"_last_translation_edit_mode":["translation-editor"],"fave_property_price":["2802000"],"fave_property_size":["693"],"fave_property_size_prefix":["Sq M"],"fave_property_land":["1158"],"fave_property_land_postfix":["Sq M"],"fave_property_bedrooms":["3"],"fave_property_bathrooms":["5"],"fave_property_id":["310"],"fave_property_map":["1"],"fave_property_map_address":["Benitachell, Alicante"],"fave_property_location":[",,14"],"fave_agent_display_option":["agence_info"],"fave_property_agency":["8175"],"fave_prop_homeslider":["pas de"],"_thumbnail_id":["11024"]},"_links":{"self":[{"href":"https:\/\/vacationvillas.es\/fr\/wp-json\/wp\/v2\/properties\/12339","targetHints":{"allow":["GET"]}}],"collection":[{"href":"https:\/\/vacationvillas.es\/fr\/wp-json\/wp\/v2\/properties"}],"about":[{"href":"https:\/\/vacationvillas.es\/fr\/wp-json\/wp\/v2\/types\/property"}],"author":[{"embeddable":true,"href":"https:\/\/vacationvillas.es\/fr\/wp-json\/wp\/v2\/users\/1"}],"version-history":[{"count":1,"href":"https:\/\/vacationvillas.es\/fr\/wp-json\/wp\/v2\/properties\/12339\/revisions"}],"predecessor-version":[{"id":13039,"href":"https:\/\/vacationvillas.es\/fr\/wp-json\/wp\/v2\/properties\/12339\/revisions\/13039"}],"wp:featuredmedia":[{"embeddable":true,"href":"https:\/\/vacationvillas.es\/fr\/wp-json\/wp\/v2\/media\/11024"}],"wp:attachment":[{"href":"https:\/\/vacationvillas.es\/fr\/wp-json\/wp\/v2\/media?parent=12339"}],"wp:term":[{"taxonomy":"property_type","embeddable":true,"href":"https:\/\/vacationvillas.es\/fr\/wp-json\/wp\/v2\/property_type?post=12339"},{"taxonomy":"property_status","embeddable":true,"href":"https:\/\/vacationvillas.es\/fr\/wp-json\/wp\/v2\/property_status?post=12339"},{"taxonomy":"property_feature","embeddable":true,"href":"https:\/\/vacationvillas.es\/fr\/wp-json\/wp\/v2\/property_feature?post=12339"},{"taxonomy":"property_label","embeddable":true,"href":"https:\/\/vacationvillas.es\/fr\/wp-json\/wp\/v2\/property_label?post=12339"},{"taxonomy":"property_country","embeddable":true,"href":"https:\/\/vacationvillas.es\/fr\/wp-json\/wp\/v2\/property_country?post=12339"},{"taxonomy":"property_state","embeddable":true,"href":"https:\/\/vacationvillas.es\/fr\/wp-json\/wp\/v2\/property_state?post=12339"},{"taxonomy":"property_city","embeddable":true,"href":"https:\/\/vacationvillas.es\/fr\/wp-json\/wp\/v2\/property_city?post=12339"},{"taxonomy":"property_area","embeddable":true,"href":"https:\/\/vacationvillas.es\/fr\/wp-json\/wp\/v2\/property_area?post=12339"}],"curies":[{"name":"wp","href":"https:\/\/api.w.org\/{rel}","templated":true}]}}

<p>Description de la villa</p>
<p>Sur la parcelle 244 du Residencial Jazmines, nous découvrons la Villa Marina, une villa d&#8217;architecture moderne, avec des espaces ouverts, beaucoup de lumière et une vue imprenable sur la mer sont les principales caractéristiques qui définissent cette propriété.</p>
<p>La Villa Marina dispose de 3 chambres avec salle de bains en suite, la chambre principale étant un espace privé pour se détendre face à la mer, soit dans son jacuzzi, soit sur sa terrasse privée. Le salon mérite une mention spéciale, une pièce spacieuse et lumineuse, avec un accès direct à la terrasse avec de grandes fenêtres du mur au sol, qui sont entièrement collectées en prolongeant la salle à manger vers la terrasse et en bénéficiant d&#8217;une vue incroyable sur la mer.</p>
<p>Le confort de cette villa est infini et reflète sa qualité et ses équipements : ascenseur, garage fermé pour 2 véhicules relié intérieurement au hall, salon TV, domotique, buanderie, chauffage au sol dans toute la maison, piscine à débordement et grands espaces de jardin. Un endroit merveilleux où vivre toute l&#8217;année, en profitant du climat méditerranéen et des magnifiques vues sur la mer du complexe résidentiel Cumbre del Sol.</p>
