{"id":21085,"date":"2025-01-25T18:19:43","date_gmt":"2025-01-25T17:19:43","guid":{"rendered":"https:\/property\/balcon-de-finestrat\/"},"modified":"2025-01-25T18:19:43","modified_gmt":"2025-01-25T17:19:43","slug":"balcon-de-finestrat","status":"publish","type":"property","link":"https:\/\/vacationvillas.es\/fr\/property\/balcon-de-finestrat\/","title":{"rendered":"Balcon de Finestrat"},"content":{"rendered":"<p>Villa moderne de nouvelle construction \u00e0 vendre dans l&#8217;urbanisation Pla Roig Calpe sur la Costa Blanca d&#8217;Alicante en Espagne. Directement du constructeur. Projet exclusif de villa moderne de nouvelle construction \u00e0 vendre \u00e0 Calpe dans l&#8217;urbanisation Pla Roig sur la Costa Blanca d&#8217;Alicante en Espagne. Ce projet est situ\u00e9 dans l&#8217;une des zones r\u00e9sidentielles pr\u00e9f\u00e9r\u00e9es par tous les r\u00e9sidents de Calpe, pour sa proximit\u00e9 avec le centre urbain, les plages et en m\u00eame temps pour \u00eatre une zone tranquille mais s\u00fbre, car elle est situ\u00e9e \u00e0 la p\u00e9riph\u00e9rie de la zone urbaine. La maison a \u00e9t\u00e9 con\u00e7ue sur un \u00e9tage, ce qui rend ce projet pratique et confortable. L&#8217;ensemble du terrain est cl\u00f4tur\u00e9 et une haie de cypr\u00e8s se trouve \u00e0 l&#8217;int\u00e9rieur, ce qui garantit l&#8217;intimit\u00e9 et un environnement agr\u00e9able. Depuis l&#8217;entr\u00e9e principale de la maison, on acc\u00e8de \u00e0 un hall, d&#8217;o\u00f9 l&#8217;on acc\u00e8de sur la gauche \u00e0 la zone de jour, compos\u00e9e d&#8217;un salon avec salle \u00e0 manger et d&#8217;une cuisine ouverte avec \u00eelot. Depuis le salon, on acc\u00e8de \u00e0 l&#8217;ext\u00e9rieur, o\u00f9 l&#8217;on trouve un porche couvert avec barbecue et une grande terrasse avec piscine de 40m2. Sur le c\u00f4t\u00e9 droit de la maison se trouve la zone nuit, avec 4 chambres : la suite parentale avec dressing et salle de bain, une autre chambre avec salle de bain en suite et deux autres chambres qui partagent une salle de bain. Il y a \u00e9galement une buanderie. A l&#8217;ext\u00e9rieur, il y a un parking avec une pergola en forme de voile pour deux voitures.<\/p>\n","protected":false},"excerpt":{"rendered":"<p>Villa moderne de nouvelle construction \u00e0 vendre dans l&#8217;urbanisation Pla Roig Calpe sur la Costa Blanca d&#8217;Alicante en Espagne. Directement du constructeur. Projet exclusif de villa moderne de nouvelle construction \u00e0 vendre \u00e0 Calpe dans l&#8217;urbanisation Pla Roig sur la Costa Blanca d&#8217;Alicante en Espagne. Ce projet est situ\u00e9 dans l&#8217;une des zones r\u00e9sidentielles pr\u00e9f\u00e9r\u00e9es par tous les r\u00e9sidents de Calpe, pour sa proximit\u00e9 avec le centre urbain, les plages et en m\u00eame temps pour \u00eatre une zone tranquille mais s\u00fbre, car elle est situ\u00e9e \u00e0 la p\u00e9riph\u00e9rie de la zone urbaine. La maison a \u00e9t\u00e9 con\u00e7ue sur un \u00e9tage, ce qui rend ce projet pratique et confortable. L&#8217;ensemble du terrain est cl\u00f4tur\u00e9 et une haie de cypr\u00e8s se trouve \u00e0 l&#8217;int\u00e9rieur, ce qui garantit l&#8217;intimit\u00e9 et un environnement agr\u00e9able. Depuis l&#8217;entr\u00e9e principale de la maison, on acc\u00e8de \u00e0 un hall, d&#8217;o\u00f9 l&#8217;on acc\u00e8de sur la gauche \u00e0 la zone de jour, compos\u00e9e d&#8217;un salon avec salle \u00e0 manger et d&#8217;une cuisine ouverte avec \u00eelot. Depuis le salon, on acc\u00e8de \u00e0 l&#8217;ext\u00e9rieur, o\u00f9 l&#8217;on trouve un porche couvert avec barbecue et une grande terrasse avec piscine de 40m2. Sur le c\u00f4t\u00e9 droit de la maison se trouve la zone nuit, avec 4 chambres : la suite parentale avec dressing et salle de bain, une autre chambre avec salle de bain en suite et deux autres chambres qui partagent une salle de bain. Il y a \u00e9galement une buanderie. A l&#8217;ext\u00e9rieur, il y a un parking avec une pergola en forme de voile pour deux voitures.<\/p>\n","protected":false},"author":2,"featured_media":14767,"parent":0,"menu_order":0,"template":"","property_type":[],"property_status":[],"property_feature":[343,529,511,243,445,239,351,350,332,293,303,237],"property_label":[],"property_country":[],"property_state":[],"property_city":[],"property_area":[],"class_list":["post-21085","property","type-property","status-publish","has-post-thumbnail","hentry","property_feature-barbacue-fr","property_feature-chauffage-avant-linstallation","property_feature-conduits-de-climatisation","property_feature-double-vitrage","property_feature-douche-exterieure","property_feature-parcelle-cloturee","property_feature-porte-de-securite","property_feature-salle-de-stockage","property_feature-stationnement","property_feature-terrasse-fr","property_feature-terrasse-couverte","property_feature-terrasse-ouverte"],"property_meta":{"_alp_processed":["1737971319"],"fave_featured":["0"],"houzez_featured_listing_date":[""],"fave_property_images":["14767","14772","14777","14782","14787","14792","14797","14802","14807"],"fave_single_top_area":["global"],"fave_single_content_area":["global"],"fave_property_price":["850000"],"fave_property_size":["192"],"fave_property_size_prefix":["Sq M"],"fave_property_land":["800"],"fave_property_land_postfix":["Sq M"],"fave_property_bedrooms":["4"],"fave_property_bathrooms":["3"],"fave_property_id":["1997"],"fave_property_map":["1"],"fave_property_map_address":["Calpe, Alicante"],"fave_property_location":[",,14"],"houzez_geolocation_lat":[""],"houzez_geolocation_long":[""],"fave_agent_display_option":["auteur_info"],"fave_prop_homeslider":["pas de"],"houzez_total_property_views":["32"],"houzez_views_by_date":["a:29:{s:10:\"01-28-2025\";i:1;s:10:\"01-30-2025\";i:1;s:10:\"02-02-2025\";i:1;s:10:\"02-07-2025\";i:2;s:10:\"02-08-2025\";i:1;s:10:\"02-12-2025\";i:1;s:10:\"02-14-2025\";i:1;s:10:\"02-15-2025\";i:2;s:10:\"02-25-2025\";i:2;s:10:\"02-27-2025\";i:1;s:10:\"03-08-2025\";i:1;s:10:\"03-14-2025\";i:1;s:10:\"03-15-2025\";i:1;s:10:\"03-19-2025\";i:1;s:10:\"03-20-2025\";i:1;s:10:\"01-01-2026\";i:1;s:10:\"01-13-2026\";i:1;s:10:\"01-14-2026\";i:1;s:10:\"01-24-2026\";i:1;s:10:\"02-04-2026\";i:1;s:10:\"02-08-2026\";i:1;s:10:\"02-16-2026\";i:1;s:10:\"02-27-2026\";i:1;s:10:\"03-03-2026\";i:1;s:10:\"03-10-2026\";i:1;s:10:\"03-27-2026\";i:1;s:10:\"04-03-2026\";i:1;s:10:\"04-24-2026\";i:1;s:10:\"05-01-2026\";i:1;}"],"houzez_recently_viewed":["2026-05-01 11:09:50"],"_thumbnail_id":["14767"]},"_links":{"self":[{"href":"https:\/\/vacationvillas.es\/fr\/wp-json\/wp\/v2\/properties\/21085","targetHints":{"allow":["GET"]}}],"collection":[{"href":"https:\/\/vacationvillas.es\/fr\/wp-json\/wp\/v2\/properties"}],"about":[{"href":"https:\/\/vacationvillas.es\/fr\/wp-json\/wp\/v2\/types\/property"}],"author":[{"embeddable":true,"href":"https:\/\/vacationvillas.es\/fr\/wp-json\/wp\/v2\/users\/2"}],"version-history":[{"count":0,"href":"https:\/\/vacationvillas.es\/fr\/wp-json\/wp\/v2\/properties\/21085\/revisions"}],"wp:featuredmedia":[{"embeddable":true,"href":"https:\/\/vacationvillas.es\/fr\/wp-json\/wp\/v2\/media\/14767"}],"wp:attachment":[{"href":"https:\/\/vacationvillas.es\/fr\/wp-json\/wp\/v2\/media?parent=21085"}],"wp:term":[{"taxonomy":"property_type","embeddable":true,"href":"https:\/\/vacationvillas.es\/fr\/wp-json\/wp\/v2\/property_type?post=21085"},{"taxonomy":"property_status","embeddable":true,"href":"https:\/\/vacationvillas.es\/fr\/wp-json\/wp\/v2\/property_status?post=21085"},{"taxonomy":"property_feature","embeddable":true,"href":"https:\/\/vacationvillas.es\/fr\/wp-json\/wp\/v2\/property_feature?post=21085"},{"taxonomy":"property_label","embeddable":true,"href":"https:\/\/vacationvillas.es\/fr\/wp-json\/wp\/v2\/property_label?post=21085"},{"taxonomy":"property_country","embeddable":true,"href":"https:\/\/vacationvillas.es\/fr\/wp-json\/wp\/v2\/property_country?post=21085"},{"taxonomy":"property_state","embeddable":true,"href":"https:\/\/vacationvillas.es\/fr\/wp-json\/wp\/v2\/property_state?post=21085"},{"taxonomy":"property_city","embeddable":true,"href":"https:\/\/vacationvillas.es\/fr\/wp-json\/wp\/v2\/property_city?post=21085"},{"taxonomy":"property_area","embeddable":true,"href":"https:\/\/vacationvillas.es\/fr\/wp-json\/wp\/v2\/property_area?post=21085"}],"curies":[{"name":"wp","href":"https:\/\/api.w.org\/{rel}","templated":true}]}}

<p>Villa moderne de nouvelle construction à vendre dans l&#8217;urbanisation Pla Roig Calpe sur la Costa Blanca d&#8217;Alicante en Espagne. Directement du constructeur. Projet exclusif de villa moderne de nouvelle construction à vendre à Calpe dans l&#8217;urbanisation Pla Roig sur la Costa Blanca d&#8217;Alicante en Espagne. Ce projet est situé dans l&#8217;une des zones résidentielles préférées par tous les résidents de Calpe, pour sa proximité avec le centre urbain, les plages et en même temps pour être une zone tranquille mais sûre, car elle est située à la périphérie de la zone urbaine. La maison a été conçue sur un étage, ce qui rend ce projet pratique et confortable. L&#8217;ensemble du terrain est clôturé et une haie de cyprès se trouve à l&#8217;intérieur, ce qui garantit l&#8217;intimité et un environnement agréable. Depuis l&#8217;entrée principale de la maison, on accède à un hall, d&#8217;où l&#8217;on accède sur la gauche à la zone de jour, composée d&#8217;un salon avec salle à manger et d&#8217;une cuisine ouverte avec îlot. Depuis le salon, on accède à l&#8217;extérieur, où l&#8217;on trouve un porche couvert avec barbecue et une grande terrasse avec piscine de 40m2. Sur le côté droit de la maison se trouve la zone nuit, avec 4 chambres : la suite parentale avec dressing et salle de bain, une autre chambre avec salle de bain en suite et deux autres chambres qui partagent une salle de bain. Il y a également une buanderie. A l&#8217;extérieur, il y a un parking avec une pergola en forme de voile pour deux voitures.</p>
