{"id":21095,"date":"2025-01-25T18:19:38","date_gmt":"2025-01-25T17:19:38","guid":{"rendered":"https:\/property\/jardin-benarrosa-2\/"},"modified":"2025-01-25T18:19:38","modified_gmt":"2025-01-25T17:19:38","slug":"jardin-benarrosa-2","status":"publish","type":"property","link":"https:\/\/vacationvillas.es\/fr\/property\/jardin-benarrosa-2\/","title":{"rendered":"Jardin Benarrosa"},"content":{"rendered":"<p>Villa moderne de construction neuve \u00e0 vendre \u00e0 Alcalal\u00ed sur la Costa Blanca au nord d&#8217;Alicante, Espagne.<\/p>\n<p>En direct du constructeur, projet de villa moderne de nouvelle construction \u00e0 vendre \u00e0 Alcalal\u00ed dans l&#8217;Urbanisation Benarrosa Gardens, \u00e0 seulement 900 m du centre.<\/p>\n<p>La villa de plain-pied, sera construite sur un terrain d&#8217;environ 800 m2, orient\u00e9 sud, avec 240 m2 construits, dispose d&#8217;une cuisine ouverte avec \u00eelot central \u00e9quip\u00e9e d&#8217;appareils Balay, salon, 3 chambres dont 1 avec salle de bain en suite, 2 salles de bain, 1 toilette et piscine priv\u00e9e rectangulaire de 29 m2 de surface d&#8217;eau.<\/p>\n<p>Option avec garage et salle de stockage 700.000.<\/p>\n<p>Alcalal\u00ed, situ\u00e9e dans la vall\u00e9e de Pop, est une commune du nord de la province d&#8217;Alicante. C&#8217;est un endroit privil\u00e9gi\u00e9 entour\u00e9 d&#8217;orangers, d&#8217;amandiers et d&#8217;oliviers o\u00f9 vous pourrez profiter de l&#8217;agr\u00e9able brise des montagnes et de la d\u00e9connexion.  <\/p>\n","protected":false},"excerpt":{"rendered":"<p>Villa moderne de construction neuve \u00e0 vendre \u00e0 Alcalal\u00ed sur la Costa Blanca au nord d&#8217;Alicante, Espagne.<\/p>\n<p>En direct du constructeur, projet de villa moderne de nouvelle construction \u00e0 vendre \u00e0 Alcalal\u00ed dans l&#8217;Urbanisation Benarrosa Gardens, \u00e0 seulement 900 m du centre.<\/p>\n<p>La villa de plain-pied, sera construite sur un terrain d&#8217;environ 800 m2, orient\u00e9 sud, avec 240 m2 construits, dispose d&#8217;une cuisine ouverte avec \u00eelot central \u00e9quip\u00e9e d&#8217;appareils Balay, salon, 3 chambres dont 1 avec salle de bain en suite, 2 salles de bain, 1 toilette et piscine priv\u00e9e rectangulaire de 29 m2 de surface d&#8217;eau.<\/p>\n<p>Option avec garage et salle de stockage 700.000.<\/p>\n<p>Alcalal\u00ed, situ\u00e9e dans la vall\u00e9e de Pop, est une commune du nord de la province d&#8217;Alicante. C&#8217;est un endroit privil\u00e9gi\u00e9 entour\u00e9 d&#8217;orangers, d&#8217;amandiers et d&#8217;oliviers o\u00f9 vous pourrez profiter de l&#8217;agr\u00e9able brise des montagnes et de la d\u00e9connexion.  <\/p>\n","protected":false},"author":2,"featured_media":14731,"parent":0,"menu_order":0,"template":"","property_type":[],"property_status":[],"property_feature":[534,511,472,243,445,304,447,239,351,332,293,303,237,446],"property_label":[],"property_country":[],"property_state":[],"property_city":[],"property_area":[],"class_list":["post-21095","property","type-property","status-publish","has-post-thumbnail","hentry","property_feature-chauffage-air-conditionnement-froid-chaleur","property_feature-conduits-de-climatisation","property_feature-distribution-diaphane","property_feature-double-vitrage","property_feature-douche-exterieure","property_feature-jardin","property_feature-orientation-sur-fr","property_feature-parcelle-cloturee","property_feature-porte-de-securite","property_feature-stationnement","property_feature-terrasse-fr","property_feature-terrasse-couverte","property_feature-terrasse-ouverte","property_feature-type-de-terrain-urbain"],"property_meta":{"_alp_processed":["1737971325"],"fave_featured":["0"],"houzez_featured_listing_date":[""],"fave_property_images":["14731","14736","14741","14746","14751","14756","14761"],"fave_single_top_area":["global"],"fave_single_content_area":["global"],"fave_property_price":["725000"],"fave_property_size":["240"],"fave_property_size_prefix":["Sq M"],"fave_property_land":["800"],"fave_property_land_postfix":["Sq M"],"fave_property_bedrooms":["3"],"fave_property_bathrooms":["2"],"fave_property_id":["1992"],"fave_property_map":["1"],"fave_property_map_address":["Alcalal\u00ed, Alicante"],"fave_property_location":[",,14"],"houzez_geolocation_lat":[""],"houzez_geolocation_long":[""],"fave_agent_display_option":["auteur_info"],"fave_prop_homeslider":["pas de"],"houzez_total_property_views":["30"],"houzez_views_by_date":["a:30:{s:10:\"01-28-2025\";i:1;s:10:\"01-30-2025\";i:1;s:10:\"02-02-2025\";i:1;s:10:\"02-07-2025\";i:1;s:10:\"02-12-2025\";i:1;s:10:\"02-14-2025\";i:1;s:10:\"02-15-2025\";i:1;s:10:\"02-19-2025\";i:1;s:10:\"02-25-2025\";i:1;s:10:\"02-27-2025\";i:1;s:10:\"03-03-2025\";i:1;s:10:\"03-08-2025\";i:1;s:10:\"03-14-2025\";i:1;s:10:\"03-15-2025\";i:1;s:10:\"03-20-2025\";i:1;s:10:\"01-01-2026\";i:1;s:10:\"01-14-2026\";i:1;s:10:\"01-24-2026\";i:1;s:10:\"02-03-2026\";i:1;s:10:\"02-06-2026\";i:1;s:10:\"02-13-2026\";i:1;s:10:\"02-22-2026\";i:1;s:10:\"03-05-2026\";i:1;s:10:\"03-13-2026\";i:1;s:10:\"03-22-2026\";i:1;s:10:\"03-30-2026\";i:1;s:10:\"04-03-2026\";i:1;s:10:\"04-16-2026\";i:1;s:10:\"04-24-2026\";i:1;s:10:\"04-29-2026\";i:1;}"],"houzez_recently_viewed":["2026-04-29 23:43:49"],"_thumbnail_id":["14731"]},"_links":{"self":[{"href":"https:\/\/vacationvillas.es\/fr\/wp-json\/wp\/v2\/properties\/21095","targetHints":{"allow":["GET"]}}],"collection":[{"href":"https:\/\/vacationvillas.es\/fr\/wp-json\/wp\/v2\/properties"}],"about":[{"href":"https:\/\/vacationvillas.es\/fr\/wp-json\/wp\/v2\/types\/property"}],"author":[{"embeddable":true,"href":"https:\/\/vacationvillas.es\/fr\/wp-json\/wp\/v2\/users\/2"}],"version-history":[{"count":0,"href":"https:\/\/vacationvillas.es\/fr\/wp-json\/wp\/v2\/properties\/21095\/revisions"}],"wp:featuredmedia":[{"embeddable":true,"href":"https:\/\/vacationvillas.es\/fr\/wp-json\/wp\/v2\/media\/14731"}],"wp:attachment":[{"href":"https:\/\/vacationvillas.es\/fr\/wp-json\/wp\/v2\/media?parent=21095"}],"wp:term":[{"taxonomy":"property_type","embeddable":true,"href":"https:\/\/vacationvillas.es\/fr\/wp-json\/wp\/v2\/property_type?post=21095"},{"taxonomy":"property_status","embeddable":true,"href":"https:\/\/vacationvillas.es\/fr\/wp-json\/wp\/v2\/property_status?post=21095"},{"taxonomy":"property_feature","embeddable":true,"href":"https:\/\/vacationvillas.es\/fr\/wp-json\/wp\/v2\/property_feature?post=21095"},{"taxonomy":"property_label","embeddable":true,"href":"https:\/\/vacationvillas.es\/fr\/wp-json\/wp\/v2\/property_label?post=21095"},{"taxonomy":"property_country","embeddable":true,"href":"https:\/\/vacationvillas.es\/fr\/wp-json\/wp\/v2\/property_country?post=21095"},{"taxonomy":"property_state","embeddable":true,"href":"https:\/\/vacationvillas.es\/fr\/wp-json\/wp\/v2\/property_state?post=21095"},{"taxonomy":"property_city","embeddable":true,"href":"https:\/\/vacationvillas.es\/fr\/wp-json\/wp\/v2\/property_city?post=21095"},{"taxonomy":"property_area","embeddable":true,"href":"https:\/\/vacationvillas.es\/fr\/wp-json\/wp\/v2\/property_area?post=21095"}],"curies":[{"name":"wp","href":"https:\/\/api.w.org\/{rel}","templated":true}]}}

<p>Villa moderne de construction neuve à vendre à Alcalalí sur la Costa Blanca au nord d&#8217;Alicante, Espagne.</p>
<p>En direct du constructeur, projet de villa moderne de nouvelle construction à vendre à Alcalalí dans l&#8217;Urbanisation Benarrosa Gardens, à seulement 900 m du centre.</p>
<p>La villa de plain-pied, sera construite sur un terrain d&#8217;environ 800 m2, orienté sud, avec 240 m2 construits, dispose d&#8217;une cuisine ouverte avec îlot central équipée d&#8217;appareils Balay, salon, 3 chambres dont 1 avec salle de bain en suite, 2 salles de bain, 1 toilette et piscine privée rectangulaire de 29 m2 de surface d&#8217;eau.</p>
<p>Option avec garage et salle de stockage 700.000.</p>
<p>Alcalalí, située dans la vallée de Pop, est une commune du nord de la province d&#8217;Alicante. C&#8217;est un endroit privilégié entouré d&#8217;orangers, d&#8217;amandiers et d&#8217;oliviers où vous pourrez profiter de l&#8217;agréable brise des montagnes et de la déconnexion.  </p>

Alcalalí, Alicante
