{"id":21151,"date":"2025-01-25T16:15:37","date_gmt":"2025-01-25T15:15:37","guid":{"rendered":"https:\/property\/jardin-benarrosa-4\/"},"modified":"2025-01-25T16:15:37","modified_gmt":"2025-01-25T15:15:37","slug":"jardin-benarrosa-4","status":"publish","type":"property","link":"https:\/\/vacationvillas.es\/fr\/property\/jardin-benarrosa-4\/","title":{"rendered":"Jardin Benarrosa"},"content":{"rendered":"<p>La maison individuelle Benarrosa garden 108 est vendue directement par le constructeur. La villa est situ\u00e9e dans le complexe r\u00e9sidentiel calme de Benarrosa Garden \u00e0 Alcalali. Ce complexe r\u00e9sidentiel est caract\u00e9ris\u00e9 par la tranquillit\u00e9 et le fait d&#8217;\u00eatre dans la zone de la vall\u00e9e du Jal\u00f3n avec d&#8217;excellentes connexions avec les principales municipalit\u00e9s de la Marina Alta. La maison est distribu\u00e9e sur un \u00e9tage et est divis\u00e9e en deux parties. D&#8217;une part, il y a la zone des chambres, o\u00f9 se trouvent 3 chambres doubles, dont une avec salle de bains en suite et des toilettes pour les invit\u00e9s. D&#8217;autre part, il y a la zone o\u00f9 se trouve une cuisine am\u00e9ricaine qui s&#8217;ouvre sur le salon-salle \u00e0 manger. La cuisine est l&#8217;une des pi\u00e8ces les plus importantes de la maison. Les finitions en c\u00e9ramique de qualit\u00e9 sup\u00e9rieure se combinent parfaitement avec la cuisine modulaire propos\u00e9e sur plan. La cuisine est reli\u00e9e \u00e0 la buanderie et donne sur l&#8217;ext\u00e9rieur. Le salon dispose de grandes fen\u00eatres pour profiter de la vue et acc\u00e9der \u00e0 la terrasse et \u00e0 la piscine. Le terrain sera enti\u00e8rement cl\u00f4tur\u00e9 avec une aire de stationnement et l&#8217;acc\u00e8s au terrain se fera par une porte coulissante motoris\u00e9e et une porte pi\u00e9tonne. Le jardin se trouve de part et d&#8217;autre de la maison.  <\/p>\n","protected":false},"excerpt":{"rendered":"<p>La maison individuelle Benarrosa garden 108 est vendue directement par le constructeur. La villa est situ\u00e9e dans le complexe r\u00e9sidentiel calme de Benarrosa Garden \u00e0 Alcalali. Ce complexe r\u00e9sidentiel est caract\u00e9ris\u00e9 par la tranquillit\u00e9 et \u00e9tant dans la zone de la vall\u00e9e du Jal\u00f3n avec d&#8217;excellentes connexions avec les principales municipalit\u00e9s de la Marina Alta. La maison est distribu\u00e9e sur un \u00e9tage et est divis\u00e9e en deux parties. D&#8217;une part, il y a la zone des chambres, o\u00f9 se trouvent 3 chambres doubles, dont une avec salle de bains en suite et des toilettes pour les invit\u00e9s. D&#8217;autre part, il y a la zone o\u00f9 se trouve une cuisine am\u00e9ricaine qui s&#8217;ouvre sur le salon-salle \u00e0 manger. La cuisine est l&#8217;une des pi\u00e8ces les plus importantes de la maison. Les finitions en c\u00e9ramique de qualit\u00e9 sup\u00e9rieure se combinent parfaitement avec la cuisine modulaire propos\u00e9e sur plan. La cuisine est reli\u00e9e \u00e0 la buanderie et donne sur l&#8217;ext\u00e9rieur. Le salon dispose de grandes fen\u00eatres pour profiter de la vue et acc\u00e9der \u00e0 la terrasse et \u00e0 la piscine. Le terrain sera enti\u00e8rement cl\u00f4tur\u00e9 avec une aire de stationnement et l&#8217;acc\u00e8s au terrain se fera par une porte coulissante motoris\u00e9e et une porte pi\u00e9tonne. Le jardin se trouve de part et d&#8217;autre de la maison.  <\/p>\n","protected":false},"author":0,"featured_media":14246,"parent":0,"menu_order":0,"template":"","property_type":[],"property_status":[],"property_feature":[444,243,445,239,350,332,293,237],"property_label":[],"property_country":[],"property_state":[],"property_city":[],"property_area":[],"class_list":["post-21151","property","type-property","status-publish","has-post-thumbnail","hentry","property_feature-blanchisserie","property_feature-double-vitrage","property_feature-douche-exterieure","property_feature-parcelle-cloturee","property_feature-salle-de-stockage","property_feature-stationnement","property_feature-terrasse-fr","property_feature-terrasse-ouverte"],"property_meta":{"_alp_processed":["1737971390"],"fave_featured":["0"],"houzez_featured_listing_date":[""],"fave_property_images":["14246","14251","14256","14261","14266","14271","14276"],"fave_single_top_area":["global"],"fave_single_content_area":["global"],"fave_property_price":["645000"],"fave_property_size":["149"],"fave_property_size_prefix":["Sq M"],"fave_property_land":["830"],"fave_property_land_postfix":["Sq M"],"fave_property_bedrooms":["3"],"fave_property_bathrooms":["2"],"fave_property_id":["1904"],"fave_property_map":["1"],"fave_property_map_address":["Alcalal\u00ed, Alicante"],"fave_property_location":[",,14"],"houzez_geolocation_lat":[""],"houzez_geolocation_long":[""],"fave_agent_display_option":["auteur_info"],"fave_prop_homeslider":["pas de"],"houzez_total_property_views":["30"],"houzez_views_by_date":["a:27:{s:10:\"01-27-2025\";i:1;s:10:\"02-02-2025\";i:2;s:10:\"02-10-2025\";i:1;s:10:\"02-12-2025\";i:1;s:10:\"02-14-2025\";i:1;s:10:\"02-17-2025\";i:1;s:10:\"02-18-2025\";i:2;s:10:\"03-02-2025\";i:1;s:10:\"03-03-2025\";i:1;s:10:\"03-14-2025\";i:2;s:10:\"03-17-2025\";i:1;s:10:\"03-19-2025\";i:1;s:10:\"03-20-2025\";i:1;s:10:\"01-01-2026\";i:1;s:10:\"01-09-2026\";i:1;s:10:\"01-23-2026\";i:1;s:10:\"01-31-2026\";i:1;s:10:\"02-08-2026\";i:1;s:10:\"02-16-2026\";i:1;s:10:\"02-25-2026\";i:1;s:10:\"03-05-2026\";i:1;s:10:\"03-14-2026\";i:1;s:10:\"03-24-2026\";i:1;s:10:\"04-03-2026\";i:1;s:10:\"04-13-2026\";i:1;s:10:\"04-24-2026\";i:1;s:10:\"04-29-2026\";i:1;}"],"houzez_recently_viewed":["2026-04-29 23:43:54"],"_thumbnail_id":["14246"]},"_links":{"self":[{"href":"https:\/\/vacationvillas.es\/fr\/wp-json\/wp\/v2\/properties\/21151","targetHints":{"allow":["GET"]}}],"collection":[{"href":"https:\/\/vacationvillas.es\/fr\/wp-json\/wp\/v2\/properties"}],"about":[{"href":"https:\/\/vacationvillas.es\/fr\/wp-json\/wp\/v2\/types\/property"}],"version-history":[{"count":0,"href":"https:\/\/vacationvillas.es\/fr\/wp-json\/wp\/v2\/properties\/21151\/revisions"}],"wp:featuredmedia":[{"embeddable":true,"href":"https:\/\/vacationvillas.es\/fr\/wp-json\/wp\/v2\/media\/14246"}],"wp:attachment":[{"href":"https:\/\/vacationvillas.es\/fr\/wp-json\/wp\/v2\/media?parent=21151"}],"wp:term":[{"taxonomy":"property_type","embeddable":true,"href":"https:\/\/vacationvillas.es\/fr\/wp-json\/wp\/v2\/property_type?post=21151"},{"taxonomy":"property_status","embeddable":true,"href":"https:\/\/vacationvillas.es\/fr\/wp-json\/wp\/v2\/property_status?post=21151"},{"taxonomy":"property_feature","embeddable":true,"href":"https:\/\/vacationvillas.es\/fr\/wp-json\/wp\/v2\/property_feature?post=21151"},{"taxonomy":"property_label","embeddable":true,"href":"https:\/\/vacationvillas.es\/fr\/wp-json\/wp\/v2\/property_label?post=21151"},{"taxonomy":"property_country","embeddable":true,"href":"https:\/\/vacationvillas.es\/fr\/wp-json\/wp\/v2\/property_country?post=21151"},{"taxonomy":"property_state","embeddable":true,"href":"https:\/\/vacationvillas.es\/fr\/wp-json\/wp\/v2\/property_state?post=21151"},{"taxonomy":"property_city","embeddable":true,"href":"https:\/\/vacationvillas.es\/fr\/wp-json\/wp\/v2\/property_city?post=21151"},{"taxonomy":"property_area","embeddable":true,"href":"https:\/\/vacationvillas.es\/fr\/wp-json\/wp\/v2\/property_area?post=21151"}],"curies":[{"name":"wp","href":"https:\/\/api.w.org\/{rel}","templated":true}]}}

<p>La maison individuelle Benarrosa garden 108 est vendue directement par le constructeur. La villa est située dans le complexe résidentiel calme de Benarrosa Garden à Alcalali. Ce complexe résidentiel est caractérisé par la tranquillité et le fait d&#8217;être dans la zone de la vallée du Jalón avec d&#8217;excellentes connexions avec les principales municipalités de la Marina Alta. La maison est distribuée sur un étage et est divisée en deux parties. D&#8217;une part, il y a la zone des chambres, où se trouvent 3 chambres doubles, dont une avec salle de bains en suite et des toilettes pour les invités. D&#8217;autre part, il y a la zone où se trouve une cuisine américaine qui s&#8217;ouvre sur le salon-salle à manger. La cuisine est l&#8217;une des pièces les plus importantes de la maison. Les finitions en céramique de qualité supérieure se combinent parfaitement avec la cuisine modulaire proposée sur plan. La cuisine est reliée à la buanderie et donne sur l&#8217;extérieur. Le salon dispose de grandes fenêtres pour profiter de la vue et accéder à la terrasse et à la piscine. Le terrain sera entièrement clôturé avec une aire de stationnement et l&#8217;accès au terrain se fera par une porte coulissante motorisée et une porte piétonne. Le jardin se trouve de part et d&#8217;autre de la maison.  </p>

<p>La maison individuelle Benarrosa garden 108 est vendue directement par le constructeur. La villa est située dans le complexe résidentiel calme de Benarrosa Garden à Alcalali. Ce complexe résidentiel est caractérisé par la tranquillité et étant dans la zone de la vallée du Jalón avec d&#8217;excellentes connexions avec les principales municipalités de la Marina Alta. La maison est distribuée sur un étage et est divisée en deux parties. D&#8217;une part, il y a la zone des chambres, où se trouvent 3 chambres doubles, dont une avec salle de bains en suite et des toilettes pour les invités. D&#8217;autre part, il y a la zone où se trouve une cuisine américaine qui s&#8217;ouvre sur le salon-salle à manger. La cuisine est l&#8217;une des pièces les plus importantes de la maison. Les finitions en céramique de qualité supérieure se combinent parfaitement avec la cuisine modulaire proposée sur plan. La cuisine est reliée à la buanderie et donne sur l&#8217;extérieur. Le salon dispose de grandes fenêtres pour profiter de la vue et accéder à la terrasse et à la piscine. Le terrain sera entièrement clôturé avec une aire de stationnement et l&#8217;accès au terrain se fera par une porte coulissante motorisée et une porte piétonne. Le jardin se trouve de part et d&#8217;autre de la maison.  </p>

Alcalalí, Alicante
